ided by 14?
12
Calculate the remainder when 2/(-8) + 244/16 is divided by 4.
3
Suppose 318 = -30*b + 33*b. What is the remainder when b is divided by ((-3)/2)/((-3)/54)?
25
Let w = 33 - 11. Suppose 10*v + 8 = 11*v. Calculate the remainder when w is divided by v.
6
Let l(r) = 3*r**2 + 13*r + 32. Calculate the remainder when 76 is divided by l(-4).
20
Let z = 28 - 11. What is the remainder when z is divided by 10?
7
Suppose -5*s + 99 = -31. Calculate the remainder when s is divided by 7.
5
Suppose -3*n - 11 = -t, 2*n + 27 = 2*t - 3*n. What is the remainder when 77 is divided by t?
25
Let h(n) = 3*n + 3. Calculate the remainder when h(4) is divided by (0 - 2) + 16/2.
3
Let l(b) = -b**3 - 10*b**2 - 3*b - 4. What is the remainder when 50 is divided by l(-10)?
24
Suppose -2*m = 0, -4*m + 45 = 3*y - 0*m. What is the remainder when 28 is divided by y?
13
Let f = 41 + -32. Calculate the remainder when f is divided by 3.
0
Let k = 14 - 9. Let j(l) = 4*l + 1. Let c = 122 - 82. Calculate the remainder when c is divided by j(k).
19
Suppose -3*w - 2*w - 3*j = -25, 5*j = -3*w + 15. What is the remainder when w is divided by 4?
1
Let m be 18/(-4)*4/(-6). Suppose -k = 3, -3*c + 2*k + 48 = m*k. Calculate the remainder when c is divided by 5.
2
Let h(g) = 2*g - 7. What is the remainder when 12 is divided by h(6)?
2
What is the remainder when 97 is divided by (-1616)/(-64) - (-1)/(-4)?
22
Let d(y) = -6*y + 44. Let f be d(-19). Suppose -m = 0, -108 - 100 = -2*o - 5*m. Let i = f - o. What is the remainder when i is divided by 14?
12
Let h(n) = 2*n**2 + 6*n + 26. Calculate the remainder when h(-6) is divided by 6.
2
What is the remainder when (-5 - -4)/2*-38 is divided by 7?
5
Suppose 149*r - 1856 = 141*r. What is the remainder when r is divided by 47?
44
Let b = -1 + 20. Calculate the remainder when 35 is divided by b.
16
Let m(b) = -b**2 - 8*b + 3. Let x be m(-8). Suppose -5*g + 99 = x*r - 4*r, g - 11 = -2*r. Calculate the remainder when 55 is divided by g.
17
Let y = -7 + 5. Let x be (1/y)/((-1)/184). Suppose 4*c = 2*u + x, -3*c + u + 58 = -13. Calculate the remainder when c is divided by 9.
7
Let g(r) = 3*r + 2. Let c be g(5). Suppose f = -s + c, 3*f = 2*s + s + 57. What is the remainder when 33 is divided by f?
15
Let l = -2 - -9. Let a = 19 - l. What is the remainder when 34 is divided by a?
10
Let c(f) = -f + 6. Let r be c(3). What is the remainder when 16 + 1 + r + -3 is divided by 10?
7
Suppose -1 + 31 = t. Suppose x - 5*m + 46 = 4*x, 2*x + 4*m - t = 0. Suppose -5*y + z = 2 - x, 0 = -2*y + 3*z + 6. What is the remainder when y is divided by 2?
1
Suppose 0 = j - 6*j + 165. Calculate the remainder when j is divided by (90/(-50))/((-2)/10).
6
Suppose -1 = -2*c + c. Let m be c - -1 - (0 - -29). What is the remainder when 68 is divided by (-418)/(-18) - (-6)/m?
22
Let r(q) = 40*q**2 - q + 1. Let g be r(1). Suppose g = b + 3*b. Calculate the remainder when 28 is divided by b.
8
Suppose 0 = -4*u + u + 129. Calculate the remainder when u is divided by 23.
20
Let y = 16 - 37. Let b = y + 32. What is the remainder when 19 is divided by b?
8
Let l(q) = -q + 20. Suppose 2*c + 21 = 4*n + n, 4*c = 3*n - 21. What is the remainder when l(11) is divided by n?
0
Suppose 12*p = 36*p - 312. What is the remainder when p is divided by 3?
1
What is the remainder when 17 is divided by (-34)/(-2) - (-1)/2*-4?
2
What is the remainder when 127 is divided by (69 + 0 + -4)*2/5?
23
Suppose 2*x = -h + 3, 2*h + 2*h + 2*x = 36. What is the remainder when 29 is divided by h?
7
Let x(q) = -q**2 - 4*q - 10. Let u be x(-7). Let m = -23 - u. Calculate the remainder when 15 is divided by m.
7
Let n(a) = a + 38. Calculate the remainder when 23 is divided by n(-24).
9
Let z(o) = o**2 + 9. Calculate the remainder when z(-5) is divided by 15.
4
Let a(m) = m**3 - 4*m**2 - 8*m - 7. What is the remainder when 33 is divided by a(6)?
16
Calculate the remainder when (1 - -3) + -1 + 20 is divided by 5.
3
Let h(m) = -4*m - 2. Let p(x) = 6*x**2 - 1. Let j be p(1). Suppose -k - j*b + 9 = 0, -4*k + 0*b - b = -112. What is the remainder when k is divided by h(-3)?
9
Suppose 0 = 4*q - 15 - 101. Let g(h) = h**2 + 2*h - 2. Let p be g(-3). Let t = p - -9. What is the remainder when q is divided by t?
9
Suppose -3*c - 8 = c. Let j(u) = 2*u**2 + 2*u + 3. Let l be j(c). Suppose -4*k + 47 = l. What is the remainder when 19 is divided by k?
9
Let g(d) = -d**3 - 3*d**2 + d - 4. Suppose 3*o - o - 32 = -2*q, 5*o = 5. What is the remainder when q is divided by g(-4)?
7
Let f(y) = y**2 - 8*y + 3. Calculate the remainder when 21 is divided by f(9).
9
Let k(z) = -z**3 + 4*z**2 - 6*z - 5. Let l be k(5). Let b = l - -88. Calculate the remainder when b is divided by 15.
13
Suppose 2*n - 33 = 3*m + 35, 161 = 5*n - 3*m. Let p(i) = 2*i - 3. Let g be p(3). Let x(o) = o**2 + 2. Calculate the remainder when n is divided by x(g).
9
Let f be 2*1*(0 + -2). Let n(x) = -2*x**3 - 4*x**2 + 6*x + 4. Calculate the remainder when n(f) is divided by 15.
14
Suppose -2*w - 3*w = -395. Calculate the remainder when w is divided by 27.
25
Let f(o) = 20*o**2 - o + 1. Let i(u) = -u**3 - 2*u**2 - u + 2. Calculate the remainder when i(-4) is divided by f(1).
18
Let y = 20 - 9. Calculate the remainder when 43 is divided by y.
10
What is the remainder when 111 is divided by 2/(4/64*2)?
15
Let d = -38 - -58. Let w = -1 + 5. Calculate the remainder when d is divided by w/(-18) - 202/(-18).
9
Let u = 21 - 15. Suppose -2*a + 5*a = m - 9, u = 2*m. Let j = a + 6. Calculate the remainder when j is divided by 3.
1
Suppose -2*y = -0*y + 40. Let b = -2 - y. Calculate the remainder when 34 is divided by b.
16
Let x(z) = 2*z**2 + 2. Suppose 0 = 34*c - 44*c + 770. Calculate the remainder when c is divided by x(-3).
17
Let w = -4 - -8. Let h(o) = o**2 - 4*o + 2. Calculate the remainder when 7 is divided by h(w).
1
Suppose 3*l - 45 - 6 = 0. Suppose -25 = -3*r - 5*g, -2*r - r - g = -l. Suppose -r = -4*p + 15. Calculate the remainder when 12 is divided by p.
2
Let a = -14 - -50. Suppose 2*r - 5*g - a = 0, r - 4 = 4*g + 20. What is the remainder when 23 is divided by r?
7
Suppose 20 = 4*k + 5*s - 12, 0 = -5*s. Let x(b) = b**3 - 6*b**2 - 6*b - 2. What is the remainder when k is divided by x(7)?
3
Let f(z) = -z**3 + 2*z - 6. Let i(c) = c**3 + c**2 - 3*c + 7. Let p(q) = 6*f(q) + 5*i(q). Let o = -3 + 8. What is the remainder when p(3) is divided by o?
3
Let d(t) = t**3 - 3*t**2 - 7*t - 3. What is the remainder when 33 is divided by d(5)?
9
Suppose 0 = -5*m - f + 89, 0*m - 2*f = -5*m + 77. Calculate the remainder when m is divided by 7.
3
Suppose 5*i - 97 - 42 = g, 4*g + 16 = 0. What is the remainder when 106 is divided by i?
25
Suppose -3*d = -0 - 3. Suppose -3*g - 8 = -7*g. What is the remainder when g is divided by (d/1)/((-2)/(-4))?
0
What is the remainder when 11 - -8*4/8 is divided by 6?
3
Suppose 0 = -3*q + 5*g - g + 4, 4*q - 18 = -g. Suppose q*h = 4*x + 16, -h - 5 = 5*x - 3. What is the remainder when h is divided by 2?
1
Let d = 19 - 2. Let m(s) = 2 - 3 + s + 0. Calculate the remainder when d is divided by m(7).
5
Let o(v) = v**2 - 3*v + 2. Let m be o(2). Suppose y + 15 - 48 = m. What is the remainder when 129 is divided by y?
30
Let s(u) = -3 + 0*u**2 + 0*u**2 - u**2. Let r be s(3). What is the remainder when 10 is divided by (-30)/(-8) - 3/r?
2
Let c(a) = a + 26. What is the remainder when 17 is divided by c(-16)?
7
Suppose 4*t = -w + 59, 2*w + 0*t + t - 97 = 0. What is the remainder when w is divided by 6?
5
Let f(w) = w - 3. Let b be f(6). Let v be b/6*0/(-1). Suppose 2*h - 31 - 27 = v. What is the remainder when h is divided by 10?
9
Let t be (-1)/(-2) + (-2)/(-4). Suppose 3*x + 2*o - 5 = 0, -2*x = 2*o - 1 - t. Suppose x*m - 80 = 79. What is the remainder when m is divided by 18?
17
Suppose -u + 5 = 1, 5*j + 260 = 5*u. What is the remainder when 63 is divided by (-4)/(-3)*j/(-4)?
15
Suppose 3*q + 2*a - 74 = 0, 100 = 4*q + 6*a - 4*a. Let h = -13 + q. What is the remainder when 49 is divided by h?
10
Suppose -4*x + 21 = 4*z + 1, -4*z + 34 = -3*x. Suppose 2*c - 13 = 11. Calculate the remainder when c is divided by z.
5
Suppose 4*z + z - 485 = 0. What is the remainder when z is divided by 25?
22
Let g(q) = -q**3 - 9*q**2 - 8*q + 6. Let f be g(-8). Let t = f - -3. W